 = -4*m(r) + 9*s(r). Let n(w) = z*b(w) + 5*p(w). What is n(4)?
6
Let o be ((-132)/33)/((-2)/(1 + -2)). Let z(k) = -5*k - 4. Give z(o).
6
Let u(y) = y**2 + 4*y + 1. Let o be u(-4). Let z be -3 + (-2 - -7)*o. Suppose 5*q = -17 + z. Let m(v) = v**3 + 2*v**2 + 2. Calculate m(q).
-7
Suppose p = -h + 2, p + 14 = 2*h + 5*p. Let o(q) = 7*q**2 - q - 6. Let f(t) = t**2 - t - 1. Let s(k) = -6*f(k) + o(k). Give s(h).
-6
Let b(x) = -4*x. Let i(q) be the second derivative of q**4/12 + q**3/6 - 13*q**2/2 - 30*q. Let n be i(3). What is b(n)?
4
Suppose -3*u + 5 + 1 = 0. Let i be ((-1)/(-2))/(2/12). Let f(w) = 3*w + w**2 - 1 + i*w - 2*w - w. Give f(u).
9
Let y(s) be the first derivative of -s**7/280 + s**4/24 - s**3/3 + 1. Let g(j) be the third derivative of y(j). Let n = -239 + 240. Give g(n).
-2
Suppose -3*w + 3*k - 27 = 0, -5*w - 5 = -8*w - 5*k. Let s(p) = -17*p - 22. Let f(o) = 12*o + 15. Let y(j) = w*s(j) - 7*f(j). Give y(-8).
-3
Let j(b) = -b + 13. Suppose 0 = -5*c + 2*c + 48. Let u = c + -7. Determine j(u).
4
Let t be (-34)/10 - 4/(-10). Let z(k) = -4*k + 13. Let b(o) = 3*o - 13. Let f(h) = t*b(h) - 2*z(h). Determine f(6).
7
Let o(i) = -i**3 + i**2 + 3*i - 3. Let m be (-5 - 10)/(0 + -1). Let h = 17 - m. What is o(h)?
-1
Let l be -2*(2 - (-36)/(-8)). Let z(y) = -y + 4. Determine z(l).
-1
Let c = -18 + 32. Suppose 0 = -0*r - r + c. Let u(n) = -7*n + r*n + 1 - 12*n + n**2. Give u(4).
-3
Let h(k) = -14 - 10*k - 10 + 3*k + 23. What is h(4)?
-29
Suppose -2*l = 2*l + 16. Let r(z) be the first derivative of -z**4/4 - 2*z**3/3 + 2*z**2 + 5*z - 741. Calculate r(l).
21
Let v(s) = -2*s + 3. Let n = 75 - 59. Suppose 2*z = -3*z. Let b be z - 5/(20/n). Give v(b).
11
Let u(j) = 11*j**2 + 2*j - 5. Let k(v) = 5*v**2 + v - 2. Let d(h) = -9*k(h) + 4*u(h). Let g be (1 + -7 + 4)*1. Determine d(g).
-4
Let y be -8 + (2/(-2) - -7). Let j(u) = -2*u + 0*u - u**2 - 3 + 2. Calculate j(y).
-1
Suppose -17 = 3*x + 1. Let n(l) = 2*l**2 + 8. Let z be n(0). Let b(j) = -7 + 5*j**2 - 2 - 6*j**2 - z*j. Give b(x).
3
Let k = -243 - -249. Let n(b) = -3*b + 25. Determine n(k).
7
Let w(t) = -9 + 10 - 4*t - 11 - 20 + 10. Determine w(-6).
4
Let m(r) be the third derivative of -r**4/24 - 7*r**3/6 + r**2 - 135. What is m(-7)?
0
Let w(f) = 2180837*f - 3 + 15 - 2180838*f. Suppose -3*g = -j - 13, 5*g - 3*j = -6*j + 45. Give w(g).
6
Let c(u) = u**3 + 7*u**2 + 8*u + 8. Let q = 10 + -6. Suppose -x - 5*d = -14, q*d - d - 6 = -x. Calculate c(x).
-4
Let w(u) = -u. Let z(l) = -12*l. Let d(n) = -27*w(n) + 2*z(n). Give d(-2).
-6
Let w(h) = -h**2. Let p be (-32)/(-48) - 16/6. Give w(p).
-4
Let r(o) = -4 - 2*o + 3 + 3*o. Suppose 45 = s - 46*s. Let j(h) = 8*h - 13. Let i(y) = s*j(y) + 5*r(y). Determine i(6).
-10
Let i = 600 - 601. Let u(x) = -29*x. Determine u(i).
29
Let t(q) = -q**3 + 4*q**2 - q - 4. Let p be 5 - 27/3 - -7. What is t(p)?
2
Let r(f) = f + 4. Let t(a) = -7*a - 6 + 4*a + 1 - 8. Let o(x) = 8*r(x) + 3*t(x). Determine o(-7).
0
Let o(y) = 1 - 29 + 19 - 2*y - 21. Calculate o(-18).
6
Let s(p) = -p - 3*p**2 + 27 - 5*p + 4*p**2 - 29. Determine s(8).
14
Let s(o) = -3*o**2 - 6*o + 10. Let j(z) = 4*z**2 + 11*z - 8. Let v(l) = -4*j(l) - 5*s(l). Give v(-12).
6
Let v(y) = 4*y + 2. Let l be v(3). Suppose 0 = -3*b + l + 1. Let f(c) be the second derivative of c**3/6 - 5*c**2 - 5*c. Calculate f(b).
-5
Let t = -51 + 39. Let o = -9 - t. Let y(i) = -3*i + 4. Calculate y(o).
-5
Suppose 0*s = -4*s + 20. Let w = s + -7. Let n(f) = 6*f**2 + 23*f + 26. Let d(k) = -2*k**2 - 8*k - 9. Let o(g) = 17*d(g) + 6*n(g). What is o(w)?
7
Let i(p) = p**2 - 10*p - 2. Let t = 189 - 91. Let c = 108 - t. Determine i(c).
-2
Let h(y) = -y**2 - 8*y + 0*y + 433 - 436. Give h(-5).
12
Let p(g) = 4*g**2 - 8*g + 6. Let x(z) = -z**2 + z - 1. Let w(s) = p(s) + 5*x(s). Give w(2).
-9
Let k(r) = 16*r + 3. Let v(u) = -4*u**2 - 4*u + 5. Let h be v(-2). Give k(h).
-45
Let j(p) be the second derivative of -p**5/20 - 5*p**4/6 - 4*p**3/3 + p**2/2 + 2*p - 455. What is j(-9)?
-8
Let a(z) be the third derivative of z**6/120 - z**4/6 + z**3/2 + z**2. Let b(c) = -c**3 + 52*c**2 + 348*c + 2. Let v be b(-6). Calculate a(v).
3
Let q(w) = -21*w + 7. Let p(o) = -11*o + 4. Let g(n) = -7*p(n) + 4*q(n). Let y(x) = 3*x - 2*x + x. Let k(u) = 3*g(u) + 8*y(u). Calculate k(-3).
15
Let g(n) = n**2 + 5*n + 4. Let d(j) = -j**2 - 6*j - 4. Let o(a) = 5*d(a) + 6*g(a). Let v = 1325 + -1325. Give o(v).
4
Let k be 5 - ((-148)/(-8) - 4/8). Let r(t) = -2*t - 16. What is r(k)?
10
Let b(n) = 11*n - 19. Let p be b(2). Let s(f) = 2*f**2 - 2*f - 2. Calculate s(p).
10
Let p(q) be the third derivative of -q**6/720 + q**5/120 - 13*q**4/24 + 7*q**2. Let m(b) be the second derivative of p(b). What is m(3)?
-2
Let b be ((-4)/10)/((5/(-200))/1). Let c(h) = -5*h**2 - 21 + b + 13*h**3 - 12*h**3 + h**2 + 2*h. Determine c(4).
3
Let r(j) = j**2 - 2*j - 2. Let g be 4/(-6) - 2/(-3). Suppose g = -k + 10 - 4. Suppose k*i - 4*i - 10 = 0. What is r(i)?
13
Let l(c) be the first derivative of c**2/2 - 3*c + 3. Suppose 15*f - 5*f = -60. Calculate l(f).
-9
Let v(p) = 39*p - 1. Let w = 1306 - 1305. What is v(w)?
38
Suppose -4 = -f, a + 5*f = 3*f - 6. Let y(d) = -2*d - 27. What is y(a)?
1
Let y(t) = 3*t**2 + 2*t - 4. Let v(k) = -k**2 - 2*k + 2. Let s(r) = -4*v(r) - 2*y(r). Calculate s(5).
-30
Suppose j - d - 17 = 4*d, 3*j + 2*d = 0. Let z(b) = -3*b - 15. Let c(g) = -2*g - 8. Let y(p) = -11*c(p) + 6*z(p). What is y(j)?
6
Let k(b) = -79*b**2 + 62*b - 48. Let i(u) = 26*u**2 - 22*u + 17. Let m(n) = 17*i(n) + 6*k(n). Determine m(1).
-33
Let f be -1 - ((-4 - -4)/2)/2. Let x be 4 + (2 - 1)*f. Let n(r) = 9*r - 1. Let b(w) = 8*w. Let o(c) = 4*b(c) - 3*n(c). Determine o(x).
18
Let l(o) be the third derivative of -o**5/60 + o**4/4 - o**3/2 + 5*o**2 + 16. What is l(7)?
-10
Suppose 3*b = 1 + 2. Let f(g) be the second derivative of -11*g**6/720 + g**5/120 + g**4/3 + 2*g. Let l(a) be the third derivative of f(a). Determine l(b).
-10
Suppose -3 = -2*q - 3*r, 7*q - 4*r = 32 + 22. Let m(i) = i**3 - 7*i**2 + 8*i - 2. What is m(q)?
10
Let x(m) = m + 2. Let c(t) = -t**2 - t - 1. Let n(b) = -2*c(b) - 2*x(b). Give n(-2).
6
Let n(m) = -m**3 + 6*m**2 - 6*m. Suppose -4*q - 3*b - 1 = -23, q + b - 6 = 0. What is n(q)?
8
Let f = 5 + -2. Let y(v) = v**3 + 5*v**2 + 13. Let w be y(-5). Suppose 4*g + 5*c = -w, -5*g + f*c - 7 + 0 = 0. Let s(a) = a**2 - 2*a - 2. Give s(g).
6
Let i(t) = -2*t**2 - t. Let x(p) = -5*p**3 + 3*p**2 - 4*p - 1. Let h(d) = -2*d**3 + d**2 - d. Let u(f) = -8*h(f) + 3*x(f). Let c be u(-2). What is i(c)?
-3
Let x(o) be the third derivative of 0 + 0*o + o**2 + 1/3*o**3 + 1/8*o**4. Determine x(3).
11
Let d(o) = -172*o**2 + o**3 + 3*o + 4 + 171*o**2 - 3*o**3. Determine d(-1).
2
Let y = -17/44 - -24/55. Let b(i) be the second derivative of -7*i - 1/2*i**4 - i**2 + 1/2*i**3 + y*i**5 + 0. Give b(3).
-20
Suppose 4*f - 2*f = -8. Let j be 1/f - 81/(-36). Let b be (-7)/j + (-18)/36. Let s(l) = 2*l**2 + 6*l + 4. What is s(b)?
12
Let d(k) = k - 2. Suppose 0 = -4*p + 12, 3*i = p + 1 - 10. Let n = i + 8. Suppose 0 = 3*c, n = 2*m - m + 5*c. What is d(m)?
4
Let w(m) be the third derivative of -m**4/6 - 5*m**3/6 - 41*m**2. Determine w(7).
-33
Let b be (18/8 - 2) + 7/4. Let p(c) = -10*c + 3*c + c**3 + 6*c - c**b + 5. What is p(0)?
5
Let p be 5/(-10)*12*(-1 + -1). Let v(k) = 0 + 8*k**2 - 9*k - 8*k**3 + 8 + p*k**3 - 5*k**3. Calculate v(7).
-6
Let v(i) = 8*i**3 + 2*i**2 + 2*i + 1. Let o(p) = -p**3 - 16*p**2 + 36*p - 1. Let x be o(-18). What is v(x)?
-7
Suppose -2 = m + 3*j, -13*j - 10 = 5*m - 14*j. Let v(x) = 3*x**2 + 0*x**2 - 2*x**2 + 2*x + 1. Determine v(m).
1
Let r(u) = 484 + 482 - 9*u - 959 + 6*u. Give r(3).
-2
Let b(v) = 6*v - 34. Let c(w) = 12*w - 69. Let k(a) = 5*b(a) - 3*c(a). Let q be k(7). Let l(f) = -f**2 - 5*f - 3. Determine l(q).
-3
Let z be 15/4*12/9. Let d(g) = -41 + 42 - 4*g**3 + 2*g + 5*g - z*g. What is d(-1)?
3
Let c be 9 + (-5 - (-9)/3). Let m(r) = -r**2 + 9*r + 27. Let n be m(11). Let h(i) = -3*i + 5. Let t(f) = 7*f - 10. Let p(d) = n*h(d) + 2*t(d). Determine p(c).
-2
Let b(a) be the third derivative of -a**4/24 + 13*a**3/6 + 49*a**2. Calculate b(9).
4
Let p(d) = -d**2 + 4*d + 50. Let q be p(12). Let f = q + 47. Let w(y) = y**3 + y - 1. Calculate w(f).
1
Let d(a) = -9*a - 4. Let n = 563 - 559. Give d(n).
-40
Let p(r) = r**2 + 